7 = -5*p + h. List the prime factors of p.
3
Suppose -2*l - 3*p = 3*l - 768, -3*p = -3*l + 456. List the prime factors of l.
3, 17
What are the prime factors of 62*-1*19/(-38)?
31
Suppose m = -u + 15, 0*m + 4*m - 45 = -3*u. What are the prime factors of u?
3, 5
Let p be (24/(-9))/2*-3. Let o = 18 + -29. What are the prime factors of (o/p)/((-2)/8)?
11
Let y be 1/2 + 35/10. Let m = y - -14. What are the prime factors of m?
2, 3
What are the prime factors of (2 - 0) + 17 + -2?
17
Suppose -3*o - 4*n = -25, -6*n = o - n - 12. List the prime factors of o.
7
Suppose -1 = -3*x - 3*b - 7, b = -2. Suppose x = -2*c - 8 + 20. List the prime factors of c.
2, 3
Suppose -3*n + 0*n + 96 = 0. What are the prime factors of n?
2
Suppose -5*d + 504 = 124. What are the prime factors of d?
2, 19
What are the prime factors of (-2)/(-4) + (-242)/(-4)?
61
Let p(i) = i**3 + 7*i**2 - i - 6. Let b be p(-7). Let y be (-3)/(-1) + (2 - b). List the prime factors of (y - 2)*(-10)/(-4).
5
Let v(l) = -17*l - 11. What are the prime factors of v(-7)?
2, 3
Let o(j) = 4*j**2 - j + 161. What are the prime factors of o(0)?
7, 23
Let s be 30 + (-14 - 2)/(-4). Let i = s - 12. What are the prime factors of i?
2, 11
Let r be (1 - 0/(-2)) + 3. Let g = -1 - 4. List the prime factors of 4 - r/2 - g.
7
Suppose -k - 1 = -g + k, -3*g + 12 = 3*k. Suppose -4*p = -4*h + 22 - 6, -h = 2*p - 10. Suppose -m = -g*m + h. List the prime factors of m.
3
List the prime factors of (0 - 3/2)*-62.
3, 31
Let l = 10 - 7. Suppose -d - l = -27. List the prime factors of d.
2, 3
Let o(c) = -c**2 + 7*c - 3. Suppose 0 = -5*q - 3*p + 25, -5*p + 4*p = 0. List the prime factors of o(q).
7
Let q(t) = 7*t**2 + 5*t - 2. Let b be q(3). Suppose -2*h = -b + 32. What are the prime factors of h?
2, 11
Let c = 92 - 58. What are the prime factors of c?
2, 17
Suppose 0 = -3*a - 2 - 7. Let x = a - -20. What are the prime factors of x?
17
Let j(m) = -m + 9. Let p be j(7). Suppose -p*x = -2*l + 10, -7 = -l + 3*x - 4. List the prime factors of l.
2, 3
Let n(v) = -v - 12. Let k be n(-10). Let s = 6 + k. What are the prime factors of s?
2
Suppose -5*z + 16 + 4 = 0. Let x(w) = -w - 1. Let j(l) = -1. Let r(q) = z*j(q) - x(q). List the prime factors of r(5).
2
Let w be (-2)/8 - 85/(-20). Suppose -5*q + 20 - w = -3*f, f = -q. Suppose -25 = -q*v + 3. List the prime factors of v.
2, 7
Let x be 12/18*(2 + 112). Suppose 0 = -3*p + n + x, 4*p - 29 = n + 71. What are the prime factors of p?
2, 3
Let o = 16 + -42. Let u = o - -39. List the prime factors of u.
13
Let k = 2 - 2. Suppose -4*i - i + 10 = k. Suppose -4*j + 3*j - 59 = -3*r, 4*r + i*j - 92 = 0. What are the prime factors of r?
3, 7
Let i(l) = 11*l - 1. Let b be i(1). Suppose 9*w = 4*w + 20. Suppose -w*u = -18 - b. List the prime factors of u.
7
Let l(y) = y + 6. Let n be l(-5). Let t = n - -12. What are the prime factors of t?
13
Let j(l) = -l**3 + 12*l**2 - 12*l + 5. Let i be j(11). Let n(q) = -q**2 - 7*q - 10. Let h be n(-7). Let m = i - h. List the prime factors of m.
2
What are the prime factors of ((-2)/4)/((-5)/130) + 2?
3, 5
Let b(m) = -m**2 - 9*m. Let p be b(-8). Let y = p - 4. List the prime factors of y.
2
Let r(u) = 2*u**3 - 2*u - 1. Let m(w) be the first derivative of w**2/2 + 1. Let b be m(2). List the prime factors of r(b).
11
Suppose -5 = 9*t - 10*t. Suppose 5*k - 20 = -3*n, t*n - 4 = -5*k + 16. What are the prime factors of k?
2
List the prime factors of 1*10 - (9 - 6).
7
List the prime factors of (-3)/(-6)*(-1 + 115).
3, 19
Let l(m) = -m**3 - 9*m**2 + m + 6. Let v be l(-9). List the prime factors of (v + 3 + 1)*7.
7
Let w(f) = f + 3. Let i be w(-2). Suppose -a = -2*x - i, -x + 2*x = -4*a + 49. What are the prime factors of a?
11
Suppose 2*s - 66 = -s - z, 0 = -5*s + 4*z + 110. Suppose -j + 2*n + s = 5*n, -n = -4*j + 36. What are the prime factors of j?
2, 5
Let v(y) = 3*y**3 - 3*y**2 + 2*y + 2. Let o be v(2). Suppose -15 - o = -3*f. List the prime factors of f.
11
Let n = 29 - 0. What are the prime factors of n?
29
Suppose -5*i - 3*v + 27 = 0, -8*i + 4*i = -5*v - 29. What are the prime factors of i?
2, 3
What are the prime factors of 214 + 14/(-3) + 10/15?
2, 3, 5, 7
Suppose -o + 137 = 4*j, 2*o + 3*j + 158 = 3*o. What are the prime factors of o?
149
Let v = 554 + -367. Suppose -32 = -3*a + v. Suppose a = 3*p + m, -p + 14 = 5*m - 29. List the prime factors of p.
23
Suppose 2*p = 3*c - 0*c + 16, 3*p = -3*c + 9. Let a(j) = -j**3 - 2*j**2 - j. Let h be a(-1). Suppose h = p*f - 5 - 5. List the prime factors of f.
2
Suppose 10 = 2*h + 34. Let g = 20 + h. What are the prime factors of g?
2
Suppose -12 = -3*w + 3. Let n = -108 - -162. Suppose 2*l + v = 4*v + 16, 0 = 4*l + w*v - n. What are the prime factors of l?
11
Suppose 0 = -12*x + 12 + 120. List the prime factors of x.
11
Suppose 5*d - 69 = 251. What are the prime factors of d?
2
Suppose 3*s - 26 = -0*s + 5*w, -2*s + 16 = -3*w. Suppose -s*x = -3*x + 4. What are the prime factors of x?
2
Let t(i) = i**2 + 8*i - 3. Let q be t(-8). Let v(l) = l**2 + l + 3. List the prime factors of v(q).
3
Let s(q) = -6*q**2 - 7*q + 6*q - 3*q**2. Let r be s(1). List the prime factors of ((-6)/r)/(1/35).
3, 7
Let w(k) = -k**2 + 7*k + 2. Let m be w(7). Suppose 3*y - 4*r = -m*y + 76, 5*r = -y + 21. What are the prime factors of y?
2
Let g = 14 + -8. Let o = g + -1. List the prime factors of o.
5
Let b = 1 + -1. Suppose b = 5*v - v + 60. List the prime factors of ((-12)/v)/((-2)/(-20)).
2
Let c(i) = 3*i**2 - 2*i - 1. Let n(y) = -2*y**3 - y + 1. Let l be n(1). List the prime factors of c(l).
3, 5
Let f = 103 + -26. List the prime factors of f.
7, 11
Let s be 1/4 - 95/(-20). Let a(r) = r**3 - 4*r**2 - 4*r + 5. List the prime factors of a(s).
2, 5
Let s be (-3 - -3)*(-1)/1. Suppose s = -5*y - 0*y + 3*g + 115, -115 = -5*y + 2*g. What are the prime factors of y?
23
Suppose -2*s + 7*s - 30 = 0. Suppose -s*m + m = -25. Suppose z - 2*x + 2 = 9, m*z = x + 17. List the prime factors of z.
3
Suppose 0 = 4*o - 195 + 67. Suppose 3*l - o = -l. What are the prime factors of l?
2
Let c = 9 + -16. Let h = c - -12. Suppose 2 = i - 3*i, 0 = -3*f - h*i + 22. What are the prime factors of f?
3
Let c be 6/4*(-16)/(-12). Suppose -c*k = -7*k + 4*h + 18, -4*h = -2*k. Let g = 12 - k. What are the prime factors of g?
2, 3
Let h(x) be the third derivative of x**4/24 - 11*x**3/6 - x**2. Let k be h(6). List the prime factors of k*-8*(-1)/(-5).
2
Suppose -4*g = -2*g - 12. Let h(x) = 5*x + 18. Let i(d) = 6*d + 19. Let c(u) = 7*h(u) - 6*i(u). List the prime factors of c(g).
2, 3
Let n(i) = i**2 + 9*i + 3. Let g be n(-9). Suppose g*k = -3*k + 192. List the prime factors of k.
2
Let d(q) = 2*q + 0*q**3 - q**3 + 2 + 3*q**2 - 3 + 2*q**3. Let s be d(-2). List the prime factors of (-82)/(-10) - s/(-5).
2
Suppose 3*h = 8*h - 20. Suppose -5*y + h*l + 94 = 0, 3*l - 58 = -3*y + 7*l. List the prime factors of y.
2, 3
List the prime factors of (-286)/(-6) - (-20)/(-30).
47
Suppose 229 = 4*l - s, -l - s - 10 = -71. List the prime factors of l.
2, 29
List the prime factors of ((-138)/15 + -2)*-10.
2, 7
What are the prime factors of 9/((-36)/16) + 33?
29
What are the prime factors of (0 - -1)*12/36*66?
2, 11
Let q(c) = c**3 + 5*c**2 - c + 2. Let d(p) = p. Let t be d(3). Suppose m = -t - 2. What are the prime factors of q(m)?
7
Suppose -1 = i - 3. What are the prime factors of (0 - -8)*i*1?
2
Let f = -8 + 13. Suppose 25 = -0*x + f*x. What are the prime factors of x?
5
Suppose 3*q - 5*q + 444 = 0. What are the prime factors of q?
2, 3, 37
Suppose 4*a = 2*a + 10. Suppose -2*r + a*r = 0. Suppose r = 3*j + 5 - 23. What are the prime factors of j?
2, 3
Let r = 42 + -21. What are the prime factors of r?
3, 7
Let b(f) = -f + 12. List the prime factors of b(5).
7
Suppose -2*p - 2*l + 171 = -3*l, -4*p = -3*l - 341. Suppose 0 = -5*d + p + 49. List the prime factors of d.
3
Let b = -48 + 89. Suppose -5*l = b - 166. List the prime factors of l.
5
Suppose 0 = w + 3*w. Let h(u) = -u**3 + 8*u**2 - 8*u + 7. Let d be h(7). Suppose d = 4*m - w*m - 60. List the prime factors of m.
3, 5
Let k(s) = s**2 - 11*s + 13. Let t be k(10). Let i = 12 - t. List the prime factors of i.
3
Suppose 3*g + 0*g = 0. Suppose f + n - 36 = g, 2*f - 24 = f - 5*n. Let s = f + -23. List the prime factors of s.
2
Suppose -4*q + 2